{"id":65,"date":"2012-07-11T07:31:43","date_gmt":"2012-07-11T07:31:43","guid":{"rendered":"http:\/\/olevmedia.com\/themes\/expo18-wp\/?page_id=65"},"modified":"2014-04-07T14:34:40","modified_gmt":"2014-04-07T18:34:40","slug":"shortcodes-icons-lists","status":"publish","type":"page","link":"https:\/\/www.fia2014.cl\/?page_id=65","title":{"rendered":"Alojamiento"},"content":{"rendered":"<p><a href=\"http:\/\/fia2014.acusticauach.cl\/wp-content\/uploads\/Mapa-Hoteles-Valdivia-fia2014.jpg\"><img loading=\"lazy\" decoding=\"async\" class=\"alignnone size-full wp-image-631\" alt=\"Mapa Hoteles Valdivia fia2014\" src=\"http:\/\/fia2014.acusticauach.cl\/wp-content\/uploads\/Mapa-Hoteles-Valdivia-fia2014.jpg\" width=\"800\" height=\"800\" srcset=\"https:\/\/www.fia2014.cl\/wp-content\/uploads\/Mapa-Hoteles-Valdivia-fia2014.jpg 800w, https:\/\/www.fia2014.cl\/wp-content\/uploads\/Mapa-Hoteles-Valdivia-fia2014-150x150.jpg 150w, https:\/\/www.fia2014.cl\/wp-content\/uploads\/Mapa-Hoteles-Valdivia-fia2014-300x300.jpg 300w, https:\/\/www.fia2014.cl\/wp-content\/uploads\/Mapa-Hoteles-Valdivia-fia2014-125x125.jpg 125w, https:\/\/www.fia2014.cl\/wp-content\/uploads\/Mapa-Hoteles-Valdivia-fia2014-615x615.jpg 615w\" sizes=\"auto, (max-width: 800px) 100vw, 800px\" \/><\/a><\/p>\n<address>\u00a0<\/address>\n<div class=\"one-half\"><\/p>\n<address>NOTA:\u00a0La siguiente informaci\u00f3n es referencial, se sugiere visitar y contactar directamente los datos que sean de su inter\u00e9s.<\/address>\n<address>Otros datos de alojamiento disponibles en la p\u00e1gina web de la <a href=\"http:\/\/www.valdiviaturismo.cl\/index.php\/en\/servicios\/alojamientos\" target=\"_blank\">C\u00e1mara de Turismo de Valdivia (ir)<\/a><\/address>\n<p><\/div>\n<address>\u00a0<\/address>\n<address><div class=\"one-half last\"><span style=\"color: #0000ff;\">NOTA: A seguinte informa\u00e7\u00e3o \u00e9 referencial, sugere-se visitar e entrar em contato direto com os dados de interesse. Outras informa\u00e7\u00f5es de hospedagem est\u00e3o dispon\u00edveis na p\u00e1gina web da<a href=\"NOTA: A seguinte informa\u00e7\u00e3o \u00e9 referencial, sugere-se visitar e entrar em contato direto com os dados de interesse. Outras informa\u00e7\u00f5es de hospedagem est\u00e3o dispon\u00edveis na p\u00e1gina web da C\u00e2mara de Turismo de Valdivia\" target=\"_blank\"><span style=\"color: #0000ff;\"> C\u00e2mara de Turismo de Valdivia<\/span><\/a><\/span><\/div><div class=\"clear\"><\/div><\/address>\n<h2>Hoteles cercanos al congreso (seg\u00fan mapa) \/\u00a0<span style=\"color: #0000ff;\">Hot\u00e9is pr\u00f3ximos ao congresso (conforme mapa)<\/span><\/h2>\n<p><strong>1) Hotel Dreams *****<\/strong><br \/>\nDirecci\u00f3n: Carampangue 190, Valdivia<br \/>\nFono: +56-2 \u2013 23464300 \u2013 600 626 000<br \/>\nEmail: reservas@mundodreams.com<br \/>\nDistancia al congreso: 0 km<br \/>\nlink:<a href=\" http:\/\/www.mundodreams.com\/hotel\/hotel-dreams-pedro-de-valdivia\/\" target=\"_blank\"> http:\/\/www.mundodreams.com\/hotel\/hotel-dreams-pedro-de-valdivia\/<\/a><\/p>\n<p><strong>2) Hotel Diego de Almagro ****<\/strong><br \/>\nDirecci\u00f3n: Av. Arturo Prat 433, Costanera, Valdivia<br \/>\nFono: +56-63 \u2013 2267500 &#8211; 600 262 0100<br \/>\nEmail: centraldereservas@dahoteles.com<br \/>\nDistancia al congreso: 0,6 km<br \/>\nlink:<a href=\"http:\/\/www.dahotelesvaldivia.com\/\" target=\"_blank\"> http:\/\/www.dahotelesvaldivia.com\/<\/a><\/p>\n<p><strong>3) Hotel Melillanca ****<\/strong><br \/>\nDirecci\u00f3n: Avda. Alemania 675, Valdivia<br \/>\nFono: +56-63 &#8211; 2212509<br \/>\nEmail: reservas@hotelmelillanca.cl<br \/>\nDistancia al congreso: 0,6 km<br \/>\nlink:<a href=\"http:\/\/www.hotelmelillanca.cl\/\" target=\"_blank\"> http:\/\/www.hotelmelillanca.cl\/<\/a><\/p>\n<p><strong>4) Hotel Di Torlaschi ***<\/strong><br \/>\nDirecci\u00f3n: Yerbas Buenas 283, Valdivia<br \/>\nFono: +56-63 &#8211; 2224103<br \/>\nEmail: info@aparthotelitaliano.cl<br \/>\nDistancia al congreso: 1,0 km<br \/>\nlink: <a href=\"http:\/\/www.hotelditorlaschi.cl\/\" target=\"_blank\">http:\/\/www.hotelditorlaschi.cl\/<\/a><\/p>\n<p><strong>5) Centro Vacacional Costanera ***<\/strong><br \/>\nDirecci\u00f3n: Av. Arturo Prat 1035, Costanera, Valdivia<br \/>\nFono: +56-63- 2344 681 &#8211; 2344 682<br \/>\nEmail: hotel.costanera@cajalosandes.cl<br \/>\nDistancia al congreso: 1,3 km<br \/>\nlink: <a href=\"http:\/\/www.cajalosandes.cl\/turismo-y-viajes\/centros-vacacionales\/costanera\" target=\"_blank\">http:\/\/www.cajalosandes.cl\/turismo-y-viajes\/centros-vacacionales\/costanera<\/a><\/p>\n<h2>Hostales (Bed and Breakfast)<\/h2>\n<p><strong>6) Hostal R\u00edo de Luna<\/strong><br \/>\nDirecci\u00f3n: Av. Arturo Prat 695, Costanera, Valdivia<br \/>\nFono: +56-63 \u2013 2253333<br \/>\nEmail: contacto@hostalriodeluna.cl<br \/>\nDistancia al congreso: 1,0 km<br \/>\nlink:<a href=\" http:\/\/www.hostalriodeluna.cl\/\" target=\"_blank\"> http:\/\/www.hostalriodeluna.cl\/<\/a><\/p>\n<p><strong>7) Hostal Entre R\u00edos<\/strong><br \/>\nDirecci\u00f3n: Carlos Anwandter 337, Valdivia<br \/>\nFono: +56-63 &#8211; 2259310<br \/>\nEmail: reservas@hostalentrerios.cl<br \/>\nDistancia al congreso: 0,5 km<br \/>\nlink: <a href=\"http:\/\/www.hostalentrerios.com\/\" target=\"_blank\">http:\/\/www.hostalentrerios.com\/<\/a><\/p>\n<p><strong>8) Hostal Anwandter<\/strong><br \/>\nDirecci\u00f3n: Carlos Anwandter 601, Valdivia<br \/>\nFono: +56-63 &#8211; 2218587 &#8211; 2430207<br \/>\nEmail: hostalanwandter@hotmail.com<br \/>\nDistancia al congreso: 0,5 km<br \/>\nlink:<a href=\" http:\/\/www.hostalanwandter.cl\/\" target=\"_blank\"> http:\/\/www.hostalanwandter.cl\/<\/a><\/p>\n<p><strong>9) Apart Hotel R\u00edo Cruces<\/strong><br \/>\nDirecci\u00f3n: Av. Arturo Prat 1561, Costanera, Valdivia<br \/>\nFono: +56-63 &#8211; 2215307<br \/>\nEmail: reservas@aparthotelriocruces.cl<br \/>\nDistancia al congreso: 1,9 km<br \/>\nlink: <a href=\"http:\/\/www.aparthotelriocruces.cl\/\" target=\"_blank\">http:\/\/www.aparthotelriocruces.cl\/<\/a><\/p>\n<p><strong>10) Apart Hotel Carampangue<\/strong><br \/>\nDirecci\u00f3n: Carampagne 455, Valdivia<br \/>\nFono: +56-63 &#8211; 2236760<br \/>\nEmail: reservas@ahc.cl<br \/>\nDistancia al congreso: 0,5 km<br \/>\nlink: <a href=\"http:\/\/www.ahc.cl\/\" target=\"_blank\">http:\/\/www.ahc.cl\/<\/a><\/p>\n<p><strong>11) Apart Hotel Casablanca<\/strong><br \/>\nDirecci\u00f3n: Garc\u00eda Reyes 406, Valdivia<br \/>\nFono: +56-63 &#8211; 2215393 &#8211; 2222946<br \/>\nEmail: info@aparthotelcasablanca.cl<br \/>\nDistancia al congreso: 0,7 km<br \/>\nlink: <a href=\"http:\/\/www.aparthotelcasablanca.cl\/\" target=\"_blank\">http:\/\/www.aparthotelcasablanca.cl\/<\/a><\/p>\n<p><a href=\"http:\/\/www.valdiviaturismo.cl\/index.php\/en\/servicios\/alojamientos\" target=\"_blank\"><em><div class=\"one-half\"><div class=\"infopane color-7\"><div class=\"inner\" style=\"background-image:url(https:\/\/www.fia2014.cl\/wp-content\/themes\/fia\/img\/icons\/0072.png)\">M\u00e1s datos de alojamiento en Hoteles, Apart Hotel, Hostales, Hostel B&amp;B, Caba\u00f1as en la p\u00e1gina web de la C\u00e1mara de Turismo de Valdivia.<\/div><\/div><\/div><\/em><\/a><\/p>\n<p><a href=\"http:\/\/www.valdiviaturismo.cl\/index.php\/en\/servicios\/alojamientos\" target=\"_blank\"><em><div class=\"one-half last\"><div class=\"infopane color-7\"><div class=\"inner\" style=\"background-image:url(https:\/\/www.fia2014.cl\/wp-content\/themes\/fia\/img\/icons\/0072.png)\">Mais informa\u00e7\u00f5es de hospedagemna p\u00e1gina web da C\u00e2mara de Turismo de Valdivia.<\/div><\/div><\/div><div class=\"clear\"><\/div><\/em><\/a><\/p>\n<p>&nbsp;<\/p>\n<p><iframe loading=\"lazy\" src=\"\/\/player.vimeo.com\/video\/73503754\" height=\"450\" width=\"800\" allowfullscreen=\"\" frameborder=\"0\"><\/iframe><\/p>\n<p><a href=\"http:\/\/vimeo.com\/73503754\">Spot TV 40&#8243; Sernatur de Los R\u00edos<\/a> from <a href=\"http:\/\/vimeo.com\/catalart\">catal\u00e0rt<\/a> on <a href=\"https:\/\/vimeo.com\">Vimeo<\/a>.<\/p>\n<p>.<\/p>\n","protected":false},"excerpt":{"rendered":"<p>\u00a0 \u00a0 Hoteles cercanos al congreso (seg\u00fan mapa) \/\u00a0Hot\u00e9is pr\u00f3ximos ao congresso (conforme mapa) 1)&#8230;<\/p>\n","protected":false},"author":1,"featured_media":0,"parent":0,"menu_order":0,"comment_status":"closed","ping_status":"closed","template":"template-full-width.php","meta":{"footnotes":""},"class_list":["post-65","page","type-page","status-publish","hentry"],"_links":{"self":[{"href":"https:\/\/www.fia2014.cl\/index.php?rest_route=\/wp\/v2\/pages\/65","targetHints":{"allow":["GET"]}}],"collection":[{"href":"https:\/\/www.fia2014.cl\/index.php?rest_route=\/wp\/v2\/pages"}],"about":[{"href":"https:\/\/www.fia2014.cl\/index.php?rest_route=\/wp\/v2\/types\/page"}],"author":[{"embeddable":true,"href":"https:\/\/www.fia2014.cl\/index.php?rest_route=\/wp\/v2\/users\/1"}],"replies":[{"embeddable":true,"href":"https:\/\/www.fia2014.cl\/index.php?rest_route=%2Fwp%2Fv2%2Fcomments&post=65"}],"version-history":[{"count":12,"href":"https:\/\/www.fia2014.cl\/index.php?rest_route=\/wp\/v2\/pages\/65\/revisions"}],"predecessor-version":[{"id":937,"href":"https:\/\/www.fia2014.cl\/index.php?rest_route=\/wp\/v2\/pages\/65\/revisions\/937"}],"wp:attachment":[{"href":"https:\/\/www.fia2014.cl\/index.php?rest_route=%2Fwp%2Fv2%2Fmedia&parent=65"}],"curies":[{"name":"wp","href":"https:\/\/api.w.org\/{rel}","templated":true}]}}