{"id":1314,"date":"2014-11-20T23:54:32","date_gmt":"2014-11-21T02:54:32","guid":{"rendered":"http:\/\/www.fia2014.cl\/?page_id=1314"},"modified":"2014-11-20T23:57:10","modified_gmt":"2014-11-21T02:57:10","slug":"concierto-de-beatriz-pichi-malen","status":"publish","type":"page","link":"https:\/\/www.fia2014.cl\/?page_id=1314","title":{"rendered":"Concierto de Beatriz Pichi Malen"},"content":{"rendered":"<p><a href=\"http:\/\/www.fia2014.cl\/wp-content\/uploads\/Beatriz_Pichi_Malen_01.jpg\"><img loading=\"lazy\" decoding=\"async\" class=\"aligncenter size-large wp-image-1316\" src=\"http:\/\/www.fia2014.cl\/wp-content\/uploads\/Beatriz_Pichi_Malen_01-1024x576.jpg\" alt=\"Beatriz_Pichi_Malen_01\" width=\"920\" height=\"517\" srcset=\"https:\/\/www.fia2014.cl\/wp-content\/uploads\/Beatriz_Pichi_Malen_01-1024x576.jpg 1024w, https:\/\/www.fia2014.cl\/wp-content\/uploads\/Beatriz_Pichi_Malen_01-300x168.jpg 300w, https:\/\/www.fia2014.cl\/wp-content\/uploads\/Beatriz_Pichi_Malen_01-125x70.jpg 125w, https:\/\/www.fia2014.cl\/wp-content\/uploads\/Beatriz_Pichi_Malen_01-615x345.jpg 615w, https:\/\/www.fia2014.cl\/wp-content\/uploads\/Beatriz_Pichi_Malen_01.jpg 1600w\" sizes=\"auto, (max-width: 920px) 100vw, 920px\" \/><\/a><\/p>\n<p>&nbsp;<\/p>\n<h3>Martes 02 de diciembre, 19:30 hrs. Aula Magna Universidad Austral, Campus Isla Teja.<\/h3>\n<p>Como parte del\u00a0IX Congreso Iberoamericano de Ac\u00fastica \u2013 FIA2014, se realizar\u00e1 un concierto de la conocida artista de\u00a0origen mapuche\u00a0Beatriz Pichi Malen.<\/p>\n<p>El concierto no tiene costo para quienes asistan al Congreso, y es parte de las actividades del mismo.<\/p>\n<p>Pronto m\u00e1s informaci\u00f3n<\/p>\n<div class=\"h-bg\">Beatriz Pichi Malen<\/div>\n<p>Artista de origen mapuche y cantante en su idioma nativo.\u00a0Naci\u00f3 en el a\u00f1o 1953 en la Comunidad de Los Toldos Pcia de Buenos Aires, Argentina y est\u00e1 dedicada a la b\u00fasqueda y difusi\u00f3n de la cultura de su pueblo siendo por l\u00ednea materna tataranieta del Cacique Ignacio Coliqueo.<\/p>\n<p>Promediando el a\u00f1o 1990 comienza su carrera art\u00edstica, siendo invitada por la Fundaci\u00f3n Rockefeller para participar del IV Congreso Internacional de la Mujer en Manhattan.\u00a0En 1994 gana en el Festival de Cosqu\u00edn (Argentina) en el rubro vocal solista femenina y a partir de all\u00ed comenzaron sucesivas presentaciones en diferentes escenarios por el pa\u00eds\u00a0Pero en el a\u00f1o 2000 grava su primer cd PLATA, editado por Acqua Records y la Productora Anacruza de Espa\u00f1a la lleva al Festival de Vic, Reus y Barcelona.\u00a0A partir de all\u00ed vuelve de manera consecutiva a Europa, (Francia, Espa\u00f1a, Praha, Eslovaquia, B\u00e9lgica) adem\u00e1s de las Rep\u00fablicas de Chile, Brasil y Uruguay. En el a\u00f1o 2005 edit\u00f3 A\u00d1IL su segundo cd tambi\u00e9n por Acqua records de Argentina. Estos discos se editan y distribuyen en la Rep\u00fablica de Chile Y en el a\u00f1o 2011 se edito el cd Cuatro Mujeres<br \/>\nAcaba de traducir a la lengua Mapuche e interpretar el tema \u201cPor\u201d de Luis Alberto Spinetta para un disco homenaje a este extraordinario m\u00fasico argentino.<\/p>\n<p>En varias ocasiones viajo a Nueva York y California (Hollywood), en donde se interesaron por un documental sobre su vida.<br \/>\nRecientemente, acaba de estrenarse en Argentina un segundo documental con motivo de la b\u00fasqueda de su identidad titulado \u201cFlecha Rojiza\u201d declarado de Inter\u00e9s cultural.<\/p>\n<p>Ha participado en varios documentales de estricto sentido antropol\u00f3gicos y en el a\u00f1o 2014 particip\u00f3 en la filmaci\u00f3n de la pel\u00edcula \u201cYanka y el Esp\u00edritu del volc\u00e1n\u201d del director Ivan Abello.\u00a0Edit\u00f3 el libro \u00abVisitantes de la Luz\u00bb (compilaci\u00f3n po\u00e9tica) y ya en el a\u00f1o 2010 le editan la antolog\u00eda po\u00e9tica \u201cMamihlapinatapai\u201d de mujeres Mapuche, Yamana y Selknam.<\/p>\n<p>Fue miembro del Comit\u00e9 Nacional para la Carta de la Tierra, generada por iniciativa del Consejo de la Tierra, con sede en Costa Rica. Fue Jurado para los \u201cPremios Atahualpa\u201d del Instituto Cultural de la Provincia de Buenos Aires y Jurado para el C.F.I. (Consejo Federal de Inversiones) de Argentina.<\/p>\n<p>Actualmente es Asesora Cultural de la Fundaci\u00f3n Rosal\u00eda Soneira de la Pcia. de C\u00f3rdoba, Rep. Argentina. Es Jurado para los Premios Gardel de la Ciudad Aut\u00f3noma de Buenos Aires y Jurado para AADI (Asociaci\u00f3n Arg.de Int\u00e9rpretes) de la Rep. Argentina<\/p>\n<p>Actualmente Beatriz Pichi Malen, vive con su familia en Longchamps, Provincia de Buenos Aires y el canto de su gente la lleva por el mundo.<\/p>\n","protected":false},"excerpt":{"rendered":"<p>&nbsp; Martes 02 de diciembre, 19:30 hrs. Aula Magna Universidad Austral, Campus Isla Teja. Como&#8230;<\/p>\n","protected":false},"author":2,"featured_media":0,"parent":0,"menu_order":0,"comment_status":"open","ping_status":"open","template":"template-full-width.php","meta":{"footnotes":""},"class_list":["post-1314","page","type-page","status-publish","hentry"],"_links":{"self":[{"href":"https:\/\/www.fia2014.cl\/index.php?rest_route=\/wp\/v2\/pages\/1314","targetHints":{"allow":["GET"]}}],"collection":[{"href":"https:\/\/www.fia2014.cl\/index.php?rest_route=\/wp\/v2\/pages"}],"about":[{"href":"https:\/\/www.fia2014.cl\/index.php?rest_route=\/wp\/v2\/types\/page"}],"author":[{"embeddable":true,"href":"https:\/\/www.fia2014.cl\/index.php?rest_route=\/wp\/v2\/users\/2"}],"replies":[{"embeddable":true,"href":"https:\/\/www.fia2014.cl\/index.php?rest_route=%2Fwp%2Fv2%2Fcomments&post=1314"}],"version-history":[{"count":5,"href":"https:\/\/www.fia2014.cl\/index.php?rest_route=\/wp\/v2\/pages\/1314\/revisions"}],"predecessor-version":[{"id":1320,"href":"https:\/\/www.fia2014.cl\/index.php?rest_route=\/wp\/v2\/pages\/1314\/revisions\/1320"}],"wp:attachment":[{"href":"https:\/\/www.fia2014.cl\/index.php?rest_route=%2Fwp%2Fv2%2Fmedia&parent=1314"}],"curies":[{"name":"wp","href":"https:\/\/api.w.org\/{rel}","templated":true}]}}

<p><a href="http://www.fia2014.cl/wp-content/uploads/Beatriz_Pichi_Malen_01.jpg"><img loading="lazy" decoding="async" class="aligncenter size-large wp-image-1316" src="http://www.fia2014.cl/wp-content/uploads/Beatriz_Pichi_Malen_01-1024x576.jpg" alt="Beatriz_Pichi_Malen_01" width="920" height="517" srcset="https://www.fia2014.cl/wp-content/uploads/Beatriz_Pichi_Malen_01-1024x576.jpg 1024w, https://www.fia2014.cl/wp-content/uploads/Beatriz_Pichi_Malen_01-300x168.jpg 300w, https://www.fia2014.cl/wp-content/uploads/Beatriz_Pichi_Malen_01-125x70.jpg 125w, https://www.fia2014.cl/wp-content/uploads/Beatriz_Pichi_Malen_01-615x345.jpg 615w, https://www.fia2014.cl/wp-content/uploads/Beatriz_Pichi_Malen_01.jpg 1600w" sizes="auto, (max-width: 920px) 100vw, 920px" /></a></p>
<p>&nbsp;</p>
<h3>Martes 02 de diciembre, 19:30 hrs. Aula Magna Universidad Austral, Campus Isla Teja.</h3>
<p>Como parte del IX Congreso Iberoamericano de Acústica – FIA2014, se realizará un concierto de la conocida artista de origen mapuche Beatriz Pichi Malen.</p>
<p>El concierto no tiene costo para quienes asistan al Congreso, y es parte de las actividades del mismo.</p>
<p>Pronto más información</p>
<div class="h-bg">Beatriz Pichi Malen</div>
<p>Artista de origen mapuche y cantante en su idioma nativo. Nació en el año 1953 en la Comunidad de Los Toldos Pcia de Buenos Aires, Argentina y está dedicada a la búsqueda y difusión de la cultura de su pueblo siendo por línea materna tataranieta del Cacique Ignacio Coliqueo.</p>
<p>Promediando el año 1990 comienza su carrera artística, siendo invitada por la Fundación Rockefeller para participar del IV Congreso Internacional de la Mujer en Manhattan. En 1994 gana en el Festival de Cosquín (Argentina) en el rubro vocal solista femenina y a partir de allí comenzaron sucesivas presentaciones en diferentes escenarios por el país Pero en el año 2000 grava su primer cd PLATA, editado por Acqua Records y la Productora Anacruza de España la lleva al Festival de Vic, Reus y Barcelona. A partir de allí vuelve de manera consecutiva a Europa, (Francia, España, Praha, Eslovaquia, Bélgica) además de las Repúblicas de Chile, Brasil y Uruguay. En el año 2005 editó AÑIL su segundo cd también por Acqua records de Argentina. Estos discos se editan y distribuyen en la República de Chile Y en el año 2011 se edito el cd Cuatro Mujeres<br />
Acaba de traducir a la lengua Mapuche e interpretar el tema “Por” de Luis Alberto Spinetta para un disco homenaje a este extraordinario músico argentino.</p>
<p>En varias ocasiones viajo a Nueva York y California (Hollywood), en donde se interesaron por un documental sobre su vida.<br />
Recientemente, acaba de estrenarse en Argentina un segundo documental con motivo de la búsqueda de su identidad titulado “Flecha Rojiza” declarado de Interés cultural.</p>
<p>Ha participado en varios documentales de estricto sentido antropológicos y en el año 2014 participó en la filmación de la película “Yanka y el Espíritu del volcán” del director Ivan Abello. Editó el libro «Visitantes de la Luz» (compilación poética) y ya en el año 2010 le editan la antología poética “Mamihlapinatapai” de mujeres Mapuche, Yamana y Selknam.</p>
<p>Fue miembro del Comité Nacional para la Carta de la Tierra, generada por iniciativa del Consejo de la Tierra, con sede en Costa Rica. Fue Jurado para los “Premios Atahualpa” del Instituto Cultural de la Provincia de Buenos Aires y Jurado para el C.F.I. (Consejo Federal de Inversiones) de Argentina.</p>
<p>Actualmente es Asesora Cultural de la Fundación Rosalía Soneira de la Pcia. de Córdoba, Rep. Argentina. Es Jurado para los Premios Gardel de la Ciudad Autónoma de Buenos Aires y Jurado para AADI (Asociación Arg.de Intérpretes) de la Rep. Argentina</p>
<p>Actualmente Beatriz Pichi Malen, vive con su familia en Longchamps, Provincia de Buenos Aires y el canto de su gente la lleva por el mundo.</p>
