{"id":1255,"date":"2014-11-18T19:37:17","date_gmt":"2014-11-18T22:37:17","guid":{"rendered":"http:\/\/www.fia2014.cl\/?page_id=1255"},"modified":"2014-11-19T10:14:26","modified_gmt":"2014-11-19T13:14:26","slug":"simposio-de-aes-chile-2014","status":"publish","type":"page","link":"https:\/\/www.fia2014.cl\/?page_id=1255","title":{"rendered":"Simposio de AES Chile 2014"},"content":{"rendered":"<p><img loading=\"lazy\" decoding=\"async\" class=\"aligncenter size-full wp-image-1193\" src=\"http:\/\/www.fia2014.cl\/wp-content\/uploads\/aes-audio-engineering-society-chile-400.jpg\" alt=\"aes-audio-engineering-society-chile-400\" width=\"400\" height=\"134\" srcset=\"https:\/\/www.fia2014.cl\/wp-content\/uploads\/aes-audio-engineering-society-chile-400.jpg 400w, https:\/\/www.fia2014.cl\/wp-content\/uploads\/aes-audio-engineering-society-chile-400-300x100.jpg 300w, https:\/\/www.fia2014.cl\/wp-content\/uploads\/aes-audio-engineering-society-chile-400-125x41.jpg 125w\" sizes=\"auto, (max-width: 400px) 100vw, 400px\" \/><\/p>\n<p>En el contexto del <strong>IX Congreso Iberoamericano de Ac\u00fastica<\/strong> a realizarse del 1 al 3 de diciembre 2014 en Valdivia, la secci\u00f3n chilena de la <a href=\"http:\/\/www.aes-chile.org\/\" target=\"_blank\">Audio Engineering Society<\/a> organiza con la colaboraci\u00f3n\u00a0conjunta de la carrera de <a href=\"http:\/\/www.acusticauach.cl\/\" target=\"_blank\">Ingenier\u00eda Civil Ac\u00fastica de la Universidad Austral de Chile<\/a>, y la <a href=\"http:\/\/www.socha.cl\/\" target=\"_blank\">Sociedad Chilena de Ac\u00fastica<\/a>,\u00a0el <strong>Simposio de AES Chile 2014<\/strong>.<\/p>\n<p>Este Simposio a realizarse la ma\u00f1ana del lunes 01 de diciembre de 2014 permitir\u00e1 un punto de reuni\u00f3n y presentaciones en el \u00e1rea de Audio Profesional, con destacados exponentes a nivel internacional.<\/p>\n<p>&nbsp;<\/p>\n<h3><strong>Programaci\u00f3n<\/strong><\/h3>\n<p>Lunes 1 de Diciembre de 2014<\/p>\n<p>Centro de Convenciones Hotel Dreams Pedro de Valdivia &#8211;\u00a0Calle Carampangue #190, Valdivia, Chile<\/p>\n<table width=\"761\">\n<tbody>\n<tr>\n<td width=\"158\"><strong>Horario<\/strong><\/td>\n<td width=\"603\"><strong>Actividad<\/strong><\/td>\n<\/tr>\n<tr>\n<td width=\"158\"><strong>08:30 \u2013 08:45<\/strong><\/td>\n<td width=\"603\"><strong>Registro de Asistentes<\/strong><\/td>\n<\/tr>\n<tr>\n<td width=\"158\"><strong>08:45 &#8211;\u00a0 09:00<\/strong><\/td>\n<td width=\"603\"><strong>Inauguraci\u00f3n de Simposio<\/strong><\/td>\n<\/tr>\n<tr>\n<td width=\"158\"><strong>09:00 \u2013 10:50<\/strong><\/td>\n<td width=\"603\"><strong>Conferencia \u00abMastering\u00bb. <\/strong>Expositor: Andr\u00e9s Mayo<\/p>\n<p>Ingeniero de Audio, especializado en Masterizaci\u00f3n.\u00a0Presidente de la Audio Engineering Society.<\/td>\n<\/tr>\n<tr>\n<td width=\"158\"><strong>10:50 \u2013 11:10<\/strong><\/td>\n<td width=\"603\"><strong>Caf\u00e9<\/strong><\/td>\n<\/tr>\n<tr>\n<td width=\"158\"><strong>11:10 &#8211; 12:00<\/strong><\/td>\n<td width=\"603\"><strong>Conferencia \u00abGesti\u00f3n de Loudness\u00bb. <\/strong>Expositor Carlos Watanabe, Dolby.<\/p>\n<p>Director Regional para Latinoam\u00e9rica de Dolby Laboratories.<\/td>\n<\/tr>\n<tr>\n<td width=\"158\"><strong>12:00-12:50\u00a0\u00a0\u00a0\u00a0\u00a0\u00a0\u00a0 <\/strong><\/td>\n<td width=\"603\"><strong>Mesa Redonda:\u00a0<\/strong><strong>\u00abEl papel de la AES en la educaci\u00f3n y en la industria\u00bb<\/strong><\/td>\n<\/tr>\n<tr>\n<td width=\"158\"><strong>12:50- 13:00\u00a0\u00a0\u00a0\u00a0\u00a0\u00a0\u00a0\u00a0 <\/strong><\/td>\n<td width=\"603\"><strong>Cierre<\/strong><\/td>\n<\/tr>\n<\/tbody>\n<\/table>\n<p>&nbsp;<\/p>\n<p>La asistencia al Simposio de EAS Chile no tiene costo, no se debe pagar inscripci\u00f3n alguna. Sin embargo, por capacidad de sala y log\u00edstica, es necesario registrarse previamente con los organizadores (enviar email a <a href=\"mailto:jcardenas@uach.cl\">jcardenas@uach.cl<\/a>). Es imprescindible estar registrado para acceder al <strong>Simposio de AES Chile 2014<\/strong>.<\/p>\n","protected":false},"excerpt":{"rendered":"<p>En el contexto del IX Congreso Iberoamericano de Ac\u00fastica a realizarse del 1 al 3&#8230;<\/p>\n","protected":false},"author":2,"featured_media":0,"parent":0,"menu_order":0,"comment_status":"open","ping_status":"open","template":"template-full-width.php","meta":{"footnotes":""},"class_list":["post-1255","page","type-page","status-publish","hentry"],"_links":{"self":[{"href":"https:\/\/www.fia2014.cl\/index.php?rest_route=\/wp\/v2\/pages\/1255","targetHints":{"allow":["GET"]}}],"collection":[{"href":"https:\/\/www.fia2014.cl\/index.php?rest_route=\/wp\/v2\/pages"}],"about":[{"href":"https:\/\/www.fia2014.cl\/index.php?rest_route=\/wp\/v2\/types\/page"}],"author":[{"embeddable":true,"href":"https:\/\/www.fia2014.cl\/index.php?rest_route=\/wp\/v2\/users\/2"}],"replies":[{"embeddable":true,"href":"https:\/\/www.fia2014.cl\/index.php?rest_route=%2Fwp%2Fv2%2Fcomments&post=1255"}],"version-history":[{"count":9,"href":"https:\/\/www.fia2014.cl\/index.php?rest_route=\/wp\/v2\/pages\/1255\/revisions"}],"predecessor-version":[{"id":1306,"href":"https:\/\/www.fia2014.cl\/index.php?rest_route=\/wp\/v2\/pages\/1255\/revisions\/1306"}],"wp:attachment":[{"href":"https:\/\/www.fia2014.cl\/index.php?rest_route=%2Fwp%2Fv2%2Fmedia&parent=1255"}],"curies":[{"name":"wp","href":"https:\/\/api.w.org\/{rel}","templated":true}]}}